to base 14
-21b
466 (base 8) to base 16
136
15400 (base 8) to base 6
52000
What is 104202 (base 6) in base 7?
34256
What is -22032 (base 5) in base 6?
-11005
113 (base 15) to base 6
1043
Convert 10111001000110 (base 2) to base 5.
334341
What is 54442 (base 7) in base 12?
7a57
Convert -f53e (base 16) to base 13.
-22765
Convert -13b (base 15) to base 5.
-2111
Convert 241623 (base 7) to base 3.
2020011220
Convert -322a (base 13) to base 4.
-1230311
What is -1311 (base 10) in base 3?
-1210120
Convert -12135 (base 8) to base 16.
-145d
Convert -2628 (base 10) to base 15.
-ba3
What is 433 (base 5) in base 3?
11101
What is 1114322 (base 5) in base 10?
19962
421 (base 9) to base 6
1331
-2150 (base 14) to base 2
-1011001111010
Convert -5123 (base 15) to base 11.
-11966
11c (base 13) to base 6
522
What is -13231 (base 4) in base 12?
-351
What is 116 (base 15) in base 8?
366
-11010110 (base 2) to base 9
-257
Convert -22040 (base 8) to base 5.
-243443
Convert -300001 (base 4) to base 16.
-c01
Convert 1000 (base 7) to base 11.
292
-220212 (base 3) to base 14
-35d
581 (base 14) to base 6
5021
-4653 (base 8) to base 15
-b00
What is -317 (base 11) in base 4?
-11331
What is -110000110 (base 2) in base 13?
-240
Convert 111011111 (base 2) to base 15.
21e
Convert -11000011101100 (base 2) to base 6.
-133552
What is 1536 (base 9) in base 4?
102033
Convert -33215 (base 10) to base 6.
-413435
What is -5600 (base 8) in base 2?
-101110000000
-2031 (base 6) to base 2
-111000011
Convert -352 (base 15) to base 6.
-3252
What is 2492 (base 14) in base 9?
8701
Convert 7102 (base 8) to base 9.
5005
Convert 602 (base 7) to base 12.
208
Convert -2124 (base 7) to base 11.
-625
Convert -3883 (base 12) to base 3.
-22211100
10120 (base 3) to base 5
341
What is 32764 (base 9) in base 15?
66b1
What is -17b (base 16) in base 7?
-1051
What is 1df5 (base 16) in base 12?
4531
-21443 (base 5) to base 3
-2001111
What is 110110101110 (base 2) in base 11?
26a4
-53 (base 11) to base 7
-112
What is 100111100101010 (base 2) in base 16?
4f2a
Convert 260 (base 14) to base 9.
578
-2bf (base 16) to base 9
-861
6559 (base 11) to base 7
34143
Convert -3d61 (base 16) to base 2.
-11110101100001
-1405 (base 6) to base 15
-195
86a (base 11) to base 3
1102200
What is -7356 (base 9) in base 7?
-21510
What is 31144 (base 7) in base 16?
1dcb
What is -145 (base 14) in base 13?
-16a
Convert 151b (base 13) to base 5.
44231
What is -111001000100100 (base 2) in base 3?
-1111002020
Convert -a5a (base 11) to base 3.
-1202020
What is 3786 (base 15) in base 6?
130430
Convert -324352 (base 6) to base 13.
-c341
Convert -244660 (base 7) to base 10.
-44926
50d (base 16) to base 10
1293
-5424 (base 6) to base 10
-1240
Convert -45000 (base 6) to base 14.
-23d6
Convert -2922c (base 13) to base 8.
-226727
What is -435 (base 9) in base 11?
-2a4
What is 1001101000101 (base 2) in base 5?
124213
Convert 261 (base 16) to base 4.
21201
Convert -15723 (base 11) to base 8.
-53230
Convert -1011000101 (base 2) to base 4.
-23011
What is cb3 (base 15) in base 6?
21140
Convert 3003243 (base 5) to base 3.
2101220201
What is 1302 (base 8) in base 14?
386
Convert 47773 (base 10) to base 12.
23791
What is 6201 (base 11) in base 16?
2025
What is -1d7 (base 14) in base 16?
-181
What is -241c (base 15) in base 4?
-1313331
-b39 (base 16) to base 5
-42443
Convert -34020 (base 5) to base 3.
-10021100
-2743 (base 10) to base 3
-10202121
-106 (base 7) to base 11
-50
Convert -1000100111100 (base 2) to base 7.
-15602
Convert -50a2 (base 12) to base 9.
-13015
What is -261 (base 11) in base 3?
-102110
Convert 261300 (base 7) to base 3.
2110112200
Convert -1000133 (base 4) to base 9.
-5585
What is -12300 (base 5) in base 7?
-2525
What is 255 (base 11) in base 8?
456
Convert -1a8 (base 15) to base 4.
-11333
Convert -4a4 (base 12) to base 15.
-31a
Convert 3742 (base 10) to base 15.
1197
Convert 2478 (base 13) to base 10.
5169
133200 (base 4) to base 11
1573
Convert 1254 (base 15) to base 11.
2a2a
What is 46640 (base 7) in base 9?
17385
Convert -c6 (base 15) to base 4.
-2322
-1727 (base 10) to base 13
-a2b
Convert -1527 (base 11) to base 4.
-132231
Convert -2784 (base 9) to base 14.
-aa1
-9273 (base 11) to base 12
-7151
-10413 (base 5) to base 12
-511
Convert 308 (base 11) to base 5.
2441
Convert 3096 (base 10) to base 4.
300120
Convert -1482 (base 11) to base 3.
-2121120
Convert -c98 (base 13) to base 12.
-12b5
-1134343 (base 6) to base 11
-40627
Convert 237 (base 9) to base 11.
169
What is af34 (base 16) in base 10?
44852
-10235 (base 7) to base 15
-b35
What is -453 (base 10) in base 14?
-245
What is -125206 (base 7) in base 16?
-5b84
What is 49 (base 12) in base 6?
133
What is -10313 (base 6) in base 10?
-1413
Convert -430 (base 13) to base 5.
-10330
What is 110110111001001 (base 2) in base 9?
42487
264 (base 9) to base 15
ea
Convert 191 (base 14) to base 6.
1255
What is -3320 (base 6) in base 2?
-1100000000
Convert 4066 (base 7) to base 6.
10324
Convert -161 (base 7) to base 16.
-5c
-81757 (base 9) to base 5
-3210321
20044 (base 9) to base 4
3031222
-22312113 (base 4) to base 3
-2020221220
What is 304 (base 16) in base 10?
772
Convert -273e (base 16) to base 14.
-3938
Convert 3331 (base 7) to base 6.
5314
92b (base 12) to base 7
3611
16a (base 11) to base 4
3011
Convert 3053 (base 6) to base 2.
1010101001
What is 2962 (base 16) in base 12?
616a
77a (base 13) to base 10
1284
What is 816 (base 11) in base 12?
6a1
2f78 (base 16) to base 8
27570
Convert -42104 (base 7) to base 14.
-3aab
Convert -171 (base 10) to base 4.
-2223
What is -410 (base 6) in base 3?
-12120
-1212 (base 9) to base 15
-402
What is 3a7 (base 15) in base 5?
11312
-b910 (base 14) to base 9
-47753
What is -35603 (base 11) in base 5?
-3120212
4410 (base 7) to base 4
120213
What is 155 (base 11) in base 3?
20201
What is -1822 (base 15) in base 8?
-12127
What is 113 (base 5) in base 14?
25
11100000111111 (base 2) to base 10
14399
What is -1946 (base 11) in base 15?
-aea
Convert 10c56 (base 16) to base 5.
4144234
-3225 (base 6) to base 8
-1341
What is -21102 (base 8) in base 10?
-8770
6310 (base 10) to base 13
2b45
What is -748d (base 15) in base 16?
-6052
Convert -1111002121 (base 3) to base 13.
-103c6
Convert 10933 (base 10) to base 14.
3dad
What is 3112 (base 7) in base 5?
13322
Convert -419 (base 14) to base 9.
-1086
1003010 (base 5) to base 11
11030
What is -1866 (base 11) in base 8?
-4503
102222331 (base 4) to base 8
225275
Convert -26f0 (base 16) to base 8.
-23360
What is -2340 (base 5) in base 16?
-159
What is 11c (base 16) in base 12?
1b8
-255 (base 13) to base 4
-12120
Convert 10c51 (base 14) to base 9.
62016
3020 (base 5) to base 12
281
Convert -304041 (base 5) to base 10.
-9896
4006 (base 7) to base 4
111202
What is -120644 (base 7) in base 11?
-15531
Convert 21 (base 12) to base 3.
221
1113212 (base 4) to base 13
2723
Convert 209 (base 13) to base 16.
15b
Convert -2023223 (base 4) to base 5.
-241224
3135 (base 9) to base 15
a35
-1530 (base 8) to base 14
-452
Convert -c9e (base 16) to base 13.
-1616
-386 (base 14) to base 4
-23002
What is 85 (base 9) in base 12?
65
14 (base 14) to base 10
18
What is -45e (base 16) in base 11?
-927
ccb (base 13) to base 4
202103
1235 (base 9) to base 15
418
What is -13358 (base 9) in base 3?
-110101222
What is -313 (base 4) in base 15?
-3a
What is 120644 (base 7) in base 16?
55af
What is -13089 (base 16) in base 5?
-4443321
-35 (base 13) to base 2
-101100
332020 (base 5) to base 12
67b2
What is 416 (base 9) in base 7?
663
Convert 288 (base 13) to base 3.
121200
Convert 21a (base 12) to base 6.
1234
Convert 4358 (base 9) to base 4.
302030
-a285 (base 11) to base 5
-414040
What is -12011112 (base 3) in base 14?
-1531
Convert -1104 (base 8) to base 5.
-4310
Convert -2322 (base 4) to base 10.
-186
Convert 515 (base 12) to base 8.
1341
-44c (base 16) to base 11
-910
765 (base 10) to base 4
23331
Convert -11232 (base 5) to base 2.
-1100110001
-15663 (base 12) to base 6
-352203
Convert -10111 (base 4) to base 11.
-232
What is 1ca14 (base 13) in base 14?
168d2
Convert 101010010100 (base 2) to base 10.
2708
What is -175 (base 9) in base 4?
-2111
What is 20d7 (base 15) in base 16?
1b28
-76 (base 9) to base 7
-126
Convert -1010001101 (base 2) to base 13.
